 remainder when 259 is divided by 85?
4
What is the remainder when 130 is divided by 97?
33
What is the remainder when 3650 is divided by 46?
16
Calculate the remainder when 314 is divided by 181.
133
What is the remainder when 733 is divided by 46?
43
What is the remainder when 835 is divided by 274?
13
Calculate the remainder when 38 is divided by 15.
8
Calculate the remainder when 112 is divided by 42.
28
Calculate the remainder when 357 is divided by 156.
45
Calculate the remainder when 1826 is divided by 63.
62
What is the remainder when 126 is divided by 4?
2
What is the remainder when 643 is divided by 43?
41
What is the remainder when 230 is divided by 141?
89
What is the remainder when 14 is divided by 6?
2
What is the remainder when 907 is divided by 9?
7
What is the remainder when 141 is divided by 17?
5
Calculate the remainder when 449 is divided by 110.
9
Calculate the remainder when 159 is divided by 27.
24
Calculate the remainder when 660 is divided by 109.
6
What is the remainder when 10951 is divided by 37?
36
Calculate the remainder when 542 is divided by 136.
134
What is the remainder when 117 is divided by 20?
17
Calculate the remainder when 133 is divided by 45.
43
Calculate the remainder when 567 is divided by 72.
63
Calculate the remainder when 13198 is divided by 66.
64
What is the remainder when 3995 is divided by 148?
147
Calculate the remainder when 1663 is divided by 19.
10
Calculate the remainder when 323 is divided by 25.
23
Calculate the remainder when 2234 is divided by 172.
170
Calculate the remainder when 31 is divided by 20.
11
What is the remainder when 388 is divided by 51?
31
Calculate the remainder when 1019 is divided by 134.
81
What is the remainder when 172 is divided by 154?
18
Calculate the remainder when 225 is divided by 44.
5
Calculate the remainder when 2018 is divided by 88.
82
Calculate the remainder when 20618 is divided by 237.
236
Calculate the remainder when 2658 is divided by 121.
117
Calculate the remainder when 93 is divided by 26.
15
Calculate the remainder when 108 is divided by 92.
16
What is the remainder when 94 is divided by 25?
19
What is the remainder when 982 is divided by 337?
308
Calculate the remainder when 8 is divided by 1.
0
What is the remainder when 293 is divided by 51?
38
Calculate the remainder when 1097 is divided by 21.
5
Calculate the remainder when 327 is divided by 83.
78
Calculate the remainder when 312 is divided by 81.
69
What is the remainder when 51 is divided by 9?
6
Calculate the remainder when 871 is divided by 58.
1
What is the remainder when 343 is divided by 15?
13
What is the remainder when 147 is divided by 10?
7
What is the remainder when 10099 is divided by 37?
35
What is the remainder when 10541 is divided by 8?
5
What is the remainder when 3994 is divided by 17?
16
Calculate the remainder when 2318 is divided by 10.
8
What is the remainder when 92 is divided by 48?
44
What is the remainder when 154 is divided by 40?
34
What is the remainder when 2250 is divided by 44?
6
Calculate the remainder when 1393 is divided by 73.
6
Calculate the remainder when 462 is divided by 1.
0
What is the remainder when 344 is divided by 53?
26
What is the remainder when 755 is divided by 18?
17
Calculate the remainder when 440 is divided by 13.
11
Calculate the remainder when 884 is divided by 69.
56
Calculate the remainder when 79 is divided by 22.
13
What is the remainder when 340 is divided by 69?
64
What is the remainder when 43 is divided by 10?
3
Calculate the remainder when 137 is divided by 59.
19
Calculate the remainder when 988 is divided by 55.
53
What is the remainder when 1715 is divided by 273?
77
What is the remainder when 747 is divided by 68?
67
Calculate the remainder when 2091 is divided by 50.
41
Calculate the remainder when 4873 is divided by 16.
9
Calculate the remainder when 604 is divided by 139.
48
Calculate the remainder when 777 is divided by 153.
12
Calculate the remainder when 2160 is divided by 91.
67
Calculate the remainder when 5436 is divided by 904.
12
Calculate the remainder when 397 is divided by 80.
77
Calculate the remainder when 1445 is divided by 56.
45
Calculate the remainder when 164 is divided by 15.
14
What is the remainder when 203 is divided by 5?
3
What is the remainder when 204 is divided by 102?
0
What is the remainder when 774 is divided by 15?
9
Calculate the remainder when 338 is divided by 43.
37
What is the remainder when 404 is divided by 14?
12
Calculate the remainder when 7159 is divided by 93.
91
Calculate the remainder when 189 is divided by 54.
27
What is the remainder when 203 is divided by 4?
3
Calculate the remainder when 36 is divided by 13.
10
What is the remainder when 19 is divided by 14?
5
Calculate the remainder when 2454 is divided by 117.
114
Calculate the remainder when 280 is divided by 73.
61
Calculate the remainder when 45 is divided by 17.
11
Calculate the remainder when 66 is divided by 15.
6
What is the remainder when 51 is divided by 14?
9
What is the remainder when 151 is divided by 79?
72
What is the remainder when 4317 is divided by 96?
93
What is the remainder when 108 is divided by 51?
6
What is the remainder when 146 is divided by 9?
2
Calculate the remainder when 929 is divided by 134.
125
Calculate the remainder when 1020 is divided by 1007.
13
What is the remainder when 798 is divided by 90?
78
Calculate the remainder when 439 is divided by 55.
54
Calculate the remainder when 218 is divided by 57.
47
Calculate the remainder when 98 is divided by 34.
30
Calculate the remainder when 3809 is divided by 3.
2
What is the remainder when 128 is divided by 12?
8
What is the remainder when 446 is divided by 159?
128
Calculate the remainder when 453 is divided by 158.
137
Calculate the remainder when 201 is divided by 94.
13
What is the remainder when 214 is divided by 25?
14
What is the remainder when 58 is divided by 24?
10
Calculate the remainder when 798 is divided by 50.
48
Calculate the remainder when 20098 is divided by 4.
2
Calculate the remainder when 2016 is divided by 163.
60
Calculate the remainder when 149 is divided by 60.
29
Calculate the remainder when 3534 is divided by 13.
11
Calculate the remainder when 385 is divided by 130.
125
Calculate the remainder when 882 is divided by 59.
56
What is the remainder when 251 is divided by 62?
3
Calculate the remainder when 204 is divided by 109.
95
Calculate the remainder when 36 is divided by 19.
17
What is the remainder when 167 is divided by 17?
14
What is the remainder when 2482 is divided by 7?
4
Calculate the remainder when 32 is divided by 32.
0
Calculate the remainder when 227 is divided by 84.
59
Calculate the remainder when 117 is divided by 40.
37
What is the remainder when 1015 is divided by 9?
7
What is the remainder when 36 is divided by 6?
0
Calculate the remainder when 86 is divided by 25.
11
Calculate the remainder when 103 is divided by 35.
33
Calculate the remainder when 136 is divided by 39.
19
What is the remainder when 1782 is divided by 10?
2
Calculate the remainder when 210 is divided by 75.
60
What is the remainder when 22 is divided by 1?
0
What is the remainder when 5163 is divided by 9?
6
What is the remainder when 317 is divided by 78?
5
What is the remainder when 268 is divided by 106?
56
What is the remainder when 1957 is divided by 646?
19
What is the remainder when 833 is divided by 76?
73
Calculate the remainder when 503 is divided by 4.
3
What is the remainder when 167 is divided by 56?
55
What is the remainder when 131 is divided by 19?
17
Calculate the remainder when 783 is divided by 16.
15
Calculate the remainder when 151 is divided by 9.
7
What is the remainder when 339 is divided by 172?
167
What is the remainder when 623 is divided by 351?
272
Calculate the remainder when 33 is divided by 6.
3
Calculate the remainder when 584 is divided by 98.
94
What is the remainder when 206 is divided by 24?
14
Calculate the remainder when 67 is divided by 45.
22
What is the remainder when 99 is divided by 50?
49
What is the remainder when 1980 is divided by 94?
6
What is the remainder when 173 is divided by 23?
12
Calculate the remainder when 500 is divided by 7.
3
What is the remainder when 218 is